ded by 839.
7
Calculate the remainder when 335 is divided by 84.
83
What is the remainder when 3455 is divided by 6?
5
Calculate the remainder when 190 is divided by 65.
60
Calculate the remainder when 170 is divided by 27.
8
What is the remainder when 857 is divided by 138?
29
Calculate the remainder when 23 is divided by 19.
4
What is the remainder when 239 is divided by 62?
53
What is the remainder when 308 is divided by 70?
28
What is the remainder when 672 is divided by 30?
12
Calculate the remainder when 200 is divided by 156.
44
What is the remainder when 6207 is divided by 516?
15
Calculate the remainder when 1585 is divided by 525.
10
What is the remainder when 7289 is divided by 384?
377
What is the remainder when 163 is divided by 48?
19
Calculate the remainder when 5183 is divided by 12.
11
Calculate the remainder when 3607 is divided by 8.
7
Calculate the remainder when 747 is divided by 25.
22
What is the remainder when 1411 is divided by 340?
51
Calculate the remainder when 28 is divided by 17.
11
What is the remainder when 76 is divided by 30?
16
What is the remainder when 596 is divided by 285?
26
What is the remainder when 84 is divided by 76?
8
What is the remainder when 473 is divided by 25?
23
Calculate the remainder when 5374 is divided by 16.
14
Calculate the remainder when 183 is divided by 116.
67
Calculate the remainder when 75 is divided by 25.
0
What is the remainder when 30 is divided by 22?
8
What is the remainder when 167 is divided by 17?
14
What is the remainder when 1200 is divided by 103?
67
Calculate the remainder when 65 is divided by 17.
14
What is the remainder when 551 is divided by 174?
29
Calculate the remainder when 310 is divided by 65.
50
Calculate the remainder when 126 is divided by 10.
6
What is the remainder when 99 is divided by 54?
45
Calculate the remainder when 703 is divided by 47.
45
What is the remainder when 498 is divided by 18?
12
Calculate the remainder when 323 is divided by 151.
21
Calculate the remainder when 89 is divided by 30.
29
What is the remainder when 1334 is divided by 288?
182
Calculate the remainder when 2529 is divided by 12.
9
What is the remainder when 224 is divided by 23?
17
Calculate the remainder when 432 is divided by 42.
12
What is the remainder when 1342 is divided by 26?
16
What is the remainder when 1169 is divided by 65?
64
What is the remainder when 2758 is divided by 13?
2
Calculate the remainder when 4710 is divided by 38.
36
Calculate the remainder when 1423 is divided by 62.
59
What is the remainder when 72 is divided by 22?
6
What is the remainder when 316 is divided by 57?
31
What is the remainder when 775 is divided by 60?
55
What is the remainder when 3994 is divided by 250?
244
What is the remainder when 58 is divided by 20?
18
Calculate the remainder when 1887 is divided by 71.
41
Calculate the remainder when 93 is divided by 87.
6
Calculate the remainder when 3359 is divided by 84.
83
Calculate the remainder when 477 is divided by 119.
1
What is the remainder when 46 is divided by 22?
2
Calculate the remainder when 38 is divided by 2.
0
Calculate the remainder when 403 is divided by 29.
26
Calculate the remainder when 473 is divided by 14.
11
What is the remainder when 831 is divided by 101?
23
Calculate the remainder when 557 is divided by 94.
87
Calculate the remainder when 24 is divided by 10.
4
Calculate the remainder when 100 is divided by 55.
45
What is the remainder when 180 is divided by 31?
25
Calculate the remainder when 45 is divided by 25.
20
What is the remainder when 141 is divided by 48?
45
What is the remainder when 2317 is divided by 145?
142
What is the remainder when 1312 is divided by 88?
80
What is the remainder when 503 is divided by 4?
3
Calculate the remainder when 385 is divided by 375.
10
Calculate the remainder when 365 is divided by 75.
65
What is the remainder when 5569 is divided by 199?
196
Calculate the remainder when 1560 is divided by 256.
24
Calculate the remainder when 407 is divided by 65.
17
What is the remainder when 4132 is divided by 39?
37
What is the remainder when 658 is divided by 51?
46
Calculate the remainder when 116 is divided by 46.
24
What is the remainder when 415 is divided by 20?
15
Calculate the remainder when 2573 is divided by 16.
13
What is the remainder when 340 is divided by 43?
39
Calculate the remainder when 387 is divided by 284.
103
What is the remainder when 327 is divided by 72?
39
Calculate the remainder when 549 is divided by 178.
15
Calculate the remainder when 4462 is divided by 144.
142
What is the remainder when 70 is divided by 69?
1
What is the remainder when 636 is divided by 54?
42
What is the remainder when 435 is divided by 107?
7
Calculate the remainder when 91 is divided by 5.
1
What is the remainder when 395 is divided by 22?
21
What is the remainder when 134 is divided by 40?
14
Calculate the remainder when 191 is divided by 79.
33
Calculate the remainder when 3567 is divided by 119.
116
Calculate the remainder when 214 is divided by 29.
11
Calculate the remainder when 1131 is divided by 93.
15
Calculate the remainder when 6204 is divided by 58.
56
Calculate the remainder when 554 is divided by 112.
106
What is the remainder when 1243 is divided by 181?
157
Calculate the remainder when 107 is divided by 74.
33
What is the remainder when 3986 is divided by 38?
34
What is the remainder when 487 is divided by 41?
36
Calculate the remainder when 8060 is divided by 16.
12
Calculate the remainder when 428 is divided by 31.
25
Calculate the remainder when 418 is divided by 33.
22
What is the remainder when 353 is divided by 60?
53
Calculate the remainder when 660 is divided by 61.
50
What is the remainder when 103 is divided by 40?
23
What is the remainder when 87 is divided by 32?
23
What is the remainder when 3947 is divided by 188?
187
What is the remainder when 691 is divided by 26?
15
What is the remainder when 307 is divided by 297?
10
Calculate the remainder when 194 is divided by 48.
2
Calculate the remainder when 236 is divided by 86.
64
What is the remainder when 326 is divided by 82?
80
Calculate the remainder when 665 is divided by 97.
83
Calculate the remainder when 192 is divided by 49.
45
What is the remainder when 1845 is divided by 8?
5
Calculate the remainder when 80 is divided by 70.
10
Calculate the remainder when 727 is divided by 52.
51
What is the remainder when 242 is divided by 78?
8
What is the remainder when 687 is divided by 25?
12
What is the remainder when 991 is divided by 9?
1
What is the remainder when 176 is divided by 41?
12
What is the remainder when 175 is divided by 48?
31
What is the remainder when 776 is divided by 36?
20
Calculate the remainder when 266 is divided by 123.
20
What is the remainder when 89 is divided by 19?
13
Calculate the remainder when 1735 is divided by 77.
41
What is the remainder when 2070 is divided by 56?
54
What is the remainder when 611 is divided by 88?
83
What is the remainder when 3134 is divided by 73?
68
What is the remainder when 319 is divided by 69?
43
Calculate the remainder when 5742 is divided by 19.
4
What is the remainder when 662 is divided by 254?
154
Calculate the remainder when 7499 is divided by 37.
25
Calculate the remainder when 46 is divided by 18.
10
Calculate the remainder when 229 is divided by 13.
8
Calculate the remainder when 6645 is divided by 266.
261
Calculate the remainder when 54 is divided by 29.
25
What is the remainder when 38 is divided by 27?
11
Calculate the remainder when 1535 is divided by 65.
40
What is the remainder when 305 is divided by 88?
41
What is the remainder when 325 is divided by 83?
76
What is the remainder when 623 is divided by 104?
103
What is the remainder when 3576 is divided by 1190?
6
Calculate the remainder when 416 is divided by 20.
16
What is the remainder when 1597 is divided by 123?
121
What is the remainder when 329 is divided by 49?
35
Calculate the remainder when 2434 is divided by 116.
114
Calculate the remainder when 278 is divided by 5.
3
Calculate the remainder when 278 is divided by 35.
33
What is the remainder when 1175 is divided by 62?
59
Calculate the remainder when 629 is divided by 18.
17
Calculate the remainder when 2155 is 